 -31 + v = 2*l + 4*o. Calculate the highest common divisor of l and 36.
4
Let j(h) = 8*h**2 + 19*h - 43. Let q(v) = -5*v**2 - 9*v + 21. Let c(a) = -3*j(a) - 5*q(a). Let l be c(12). What is the greatest common factor of 84 and l?
12
Let u(a) = 63*a + 12. Let v be u(3). Let t = v - 182. What is the highest common factor of t and 475?
19
Let j(y) = 1054*y - 31600. Let c be j(30). Let q = -2 + -3. Let r be (-2)/(q - 1)*15. Calculate the greatest common factor of c and r.
5
Let r be (-16 + -2)/(-36 - -34) - -19. What is the highest common factor of r and 502?
2
Let o(l) = -l**3 + 13*l**2 + l - 1. Let t be o(13). Let f(w) = -1 + 0*w**2 + 2 + w**2 - 12*w. Let c be f(t). What is the highest common divisor of c and 11?
1
Let n be 2 + (-4 - -5) - (-29 + -4488). Calculate the highest common divisor of 80 and n.
40
Let y be (-3230)/68*(-2 + 0). Suppose -2*w - 23 = -4*w - 3*t, w - 14 = -t. Calculate the highest common divisor of y and w.
19
Suppose 11*k - 7*k + 17 = -u, 5*u = -5*k - 25. Let b be (-3)/(42/k) + (-236)/(-7). Calculate the highest common divisor of 2 and b.
2
Let l = 9 - -38. Let o(z) = z**3 - 39*z**2 + 291*z - 28. Let f be o(29). What is the highest common factor of f and l?
1
Let o(k) = 8*k**2 + 14*k - 34. Let j be o(2). What is the greatest common factor of 494 and j?
26
Let i(n) = n**2 - 8*n + 64. Let d be i(12). Calculate the greatest common divisor of 432 and d.
16
Let g(x) = 17*x**2 - 7*x - 2. Let n be g(4). Let a be (-314)/471 - -1*n/3. Calculate the greatest common factor of a and 50.
10
Let o = 2476 + -2469. Calculate the highest common divisor of 119 and o.
7
Let f(u) = -13*u - 1. Let d be f(-7). Let m(v) = -2*v**2 + 2*v + 90. Let a be m(0). Suppose -8*k = -3*k - a. What is the highest common factor of d and k?
18
Let u(l) = -l**3 - 14*l**2 + 10*l - 16. Suppose 0 = -5*n + 4*b - 68, 2*n + 2*b - 2 = -40. Let x be u(n). Calculate the highest common divisor of 14 and x.
14
Let i(j) = -j**3 + 99*j**2 + 110*j - 616. Let n be i(100). Calculate the highest common factor of 3 and n.
3
Let y = -27594 - -34278. What is the highest common divisor of y and 12?
12
Let k = 9644 - 9610. Calculate the highest common factor of k and 3196.
34
Let v = -150 - -152. Suppose 0 = -v*r - 3 + 7. What is the greatest common divisor of 38 and r?
2
Suppose -5*i + 150 = 896*v - 893*v, 0 = 5*i. Calculate the greatest common factor of v and 145.
5
Let q be -87*(6 + 1/3*-22). Let n = q - -181. What is the greatest common factor of 22 and n?
11
Let k be 104/234 - (-16974)/81. What is the highest common divisor of 714 and k?
42
Let y = 371 + -443. Let w be (y/(-14))/(5/((-560)/(-3))). Calculate the greatest common divisor of w and 240.
48
Let l = -416 - -418. Let o be 103 - (-1 + l + 0). What is the greatest common divisor of o and 68?
34
Let w = 55 - 25. Let j = -16 + w. Let u = -187 - -194. Calculate the highest common factor of u and j.
7
Let a(s) = -8*s - 8. Let d be a(-9). Suppose 23*u = 24*u - 90. Let q = u - d. What is the greatest common divisor of 26 and q?
26
Suppose -119*r + 676 - 81 = 0. Calculate the highest common divisor of 216 and r.
1
Let w = -1128 + 1700. Calculate the highest common factor of w and 13.
13
Let d be -55 + 2/2*(1 + -6). Let k = 81 - d. What is the highest common divisor of k and 329?
47
Let j be 13/39*9/3. What is the greatest common divisor of 16 and j?
1
Let j(u) = u**3 + 5*u**2 + 3*u - 2. Let f be j(-1). Let n(x) = -6*x - 3. Let l be n(f). Calculate the greatest common divisor of 45 and l.
3
Suppose 32 = 4*k, -19 = 4*v + 11*k - 1771. Let z(j) = j**3 - 11*j**2 - 10*j + 8. Let t be z(12). Calculate the greatest common divisor of v and t.
32
Let q = 82 - 42. Suppose 18651*u - 18761*u + 35200 = 0. What is the greatest common divisor of q and u?
40
Let j = -5077 - -6925. What is the greatest common factor of 176 and j?
88
Let y be 104/1300 - (447196/(-50) - -5). What is the highest common divisor of 14 and y?
7
Let j(h) = -h**2 + 19*h + 4. Let b be j(19). Suppose -4*c - 120 = u - b*u, 3*c + 9 = 0. Suppose -3*g = -39 + 3. Calculate the highest common divisor of g and u.
12
Suppose v + 423 = -5*l, 0*v = 5*v - 2*l + 2115. Let d = v + 458. Calculate the greatest common factor of 147 and d.
7
Suppose -10*v + 56*v - 14976 = -32*v. What is the highest common divisor of v and 324?
12
Let x(c) = c**3 - 2*c**2 - 4*c + 308. Let f be x(0). Suppose -4*k + 780 = -f. What is the greatest common factor of 17 and k?
17
Let w = -46 - -51. Let o be 6/8 - w/20*-769. Let g be (-42)/(-98) - o/(-7). Calculate the greatest common factor of 42 and g.
14
Suppose 31*q - 9 = 28*q. Suppose -4*p + 2*p - 8 = 0, -2*m - q*p + 6 = 0. Suppose m*z + 9*z - 126 = 0. What is the highest common divisor of 14 and z?
7
Let g(x) = 7*x - 4. Let z be g(1). Suppose z*f + 5*f = 0. Suppose 10*q - 12*q + 630 = f. What is the highest common factor of q and 35?
35
Let i(o) = 13*o + 40. Let v(j) = -14*j - 40. Let p(u) = 2*i(u) + 3*v(u). Let s be p(-7). What is the greatest common divisor of 8 and s?
8
Suppose -4*q - 222 = x, -2*x - 3*q = -5*x - 621. Let y = 268 + x. What is the highest common divisor of y and 145?
29
Let d(j) = -j**3 - 27*j**2 + j + 24. Let z be d(0). Let n be 0 - (-13 + 1)*-6. Let w = 132 + n. Calculate the highest common divisor of w and z.
12
Let z = 9175 - 9045. What is the greatest common divisor of z and 16380?
130
Suppose -35 = -5*i, 154*i + 190 = k + 155*i. Calculate the greatest common divisor of k and 12.
3
Suppose 11*v - 1789 = 59. Suppose 3*k - v = -p, 34 = 2*k + p - 77. What is the greatest common divisor of 3 and k?
3
Let t(i) = 2*i**2 - 2*i + 107. Let f be t(0). Suppose 7*p - f = 138. Calculate the greatest common factor of p and 280.
35
Suppose 1857 + 2290 = 11*m. Let p = 393 - m. Calculate the highest common divisor of 752 and p.
16
Suppose 3*m = o + 3055 + 273, 5*o + 5530 = 5*m. What is the highest common factor of 22 and m?
11
Let n be (-155)/(-15)*((-708)/(-8))/((-1)/(-2)). What is the highest common factor of n and 236?
59
Let o be (8 - 5)*4 - -16159. Calculate the highest common factor of o and 103.
103
Let p = 130 - 109. Suppose -5*y - 63 = 2*d + 2*d, -2*y - 45 = -5*d. Let k be 35*(27/y + 3). Calculate the highest common factor of p and k.
21
Suppose -3*o - 4*g = -27, -2*g = 3*o - 8*o + 45. Let c be 2/o - 669/(-27). What is the highest common factor of 200 and c?
25
Suppose -h + 63 = 2*q, 3*h - q + 135 = 282. Suppose -2*y + 170 = -0*y. Calculate the greatest common factor of y and h.
17
Let t(k) = k + 180. Let p be t(-4). Calculate the highest common factor of 297 and p.
11
Let o = 869 - 831. Suppose 4*y - 116 - 51 = -3*n, -y = 5*n - 284. What is the highest common factor of o and n?
19
Let b(h) = 95*h + 25. Let n be b(3). Suppose v + 3*l - n = 2*l, l = -4*v + 1246. What is the greatest common divisor of v and 24?
24
Let n be ((-48)/(-10) - 2)*(-3 + -9 + 17). Let s = 21 - -14. What is the highest common factor of n and s?
7
Let a(n) = -2*n**2 + 119*n + 27. Let k be a(57). What is the highest common factor of 1716 and k?
156
Let m = 2 - -54. Let u = -1477 - -1491. What is the highest common factor of m and u?
14
Suppose 0 = -145*s + 24938 + 21317. Calculate the greatest common factor of 116 and s.
29
Let v = -185 - -182. Let f be 4/(v/(7*-6)). What is the highest common divisor of 224 and f?
56
Let b be -1 + 0 - 2 - (-510 - -1). Let z = -181 - -227. Calculate the highest common factor of z and b.
46
Let o(k) = 2*k**2 - 74*k + 1075. Let x be o(72). What is the highest common divisor of x and 5?
5
Let s(o) = -o**3 + 16*o**2 - 12*o. Let p be s(15). Suppose 2*q + h = 57, 0 = -4*h - 68 + 80. What is the highest common factor of q and p?
9
Suppose 5*l - 64 = 3*r, 0*r - 28 = -2*l + 2*r. Let t be (-402)/(-7) - (-27)/(-63). Suppose -t = 9*b - 552. What is the highest common factor of l and b?
11
Let g = 31 - -92. Suppose 3*v = 5*f + 417, 164*f = -2*v + 168*f + 284. Let z = v - g. What is the greatest common divisor of z and 7?
1
Suppose 22 = 5*h - 3*h - 4*j, 4*h - 54 = -2*j. Suppose -99*c + 119*c - 5200 = 0. What is the highest common factor of c and h?
13
Suppose 0 = 13*h - 10*h + 2*f - 484, 3*h + 3*f - 492 = 0. Calculate the highest common divisor of 50388 and h.
156
Suppose -1074 = -5*m + w + 27, 0 = -2*m - 5*w + 408. Calculate the highest common div